4).
41
Calculate the remainder when 39 is divided by (-2)/(-10) - (-108)/10.
6
Suppose 5*h - 10 = 50. Calculate the remainder when 22 is divided by h.
10
Let t = 119 - 83. Calculate the remainder when 106 is divided by t.
34
Let h be 14/(-1 + (-18)/(-15)). Suppose -2*x - 3*f + 28 = -2*f, 0 = 5*x - 2*f - h. What is the remainder when 26 is divided by x?
12
Calculate the remainder when (-93)/(-4) + 2/(-8) is divided by 5.
3
Let q(y) be the second derivative of y**5/10 - y**4/4 + y**2/2 + y. Let o = -4 - -6. Calculate the remainder when 9 is divided by q(o).
4
Let t = 41 - -2. What is the remainder when t is divided by (-8 - 3)/(1*-1)?
10
Let i = -1 - -3. Calculate the remainder when -1*i + 9 + 4 is divided by 7.
4
What is the remainder when 31 is divided by (-1)/(-3 - 96/(-33))?
9
Suppose -4*x + 4*g + 25 = g, g = 1. Calculate the remainder when 11 is divided by x.
4
Suppose -37 = -3*s - 4*v, 2*v - 5 - 66 = -5*s. What is the remainder when s is divided by 4?
3
Let s(i) be the first derivative of -i**4/4 + 8*i**3/3 - 3*i**2 - 3*i + 7. What is the remainder when s(6) is divided by 17?
16
Let t = 402 + -138. Suppose -t = -5*s - s. Calculate the remainder when s is divided by 9.
8
Let w = -151 + 158. What is the remainder when 89 is divided by w?
5
Let v(x) = -x**3 + x**2 + 27. Let b be 115/10*(1 - 3). Let j = -9 - b. What is the remainder when v(0) is divided by j?
13
Let x = 1 + 6. Let h be 388/6 + (-3)/(-9). Suppose 0 = 3*y - 4*q - h, -q + 6*q = 5*y - 105. Calculate the remainder when y is divided by x.
5
Suppose 2*d + 2*p = 5 + 15, -2*d + 10 = 4*p. What is the remainder when d is divided by 10?
5
Let v(u) = 5*u**2 - 3*u + 5. Let k be v(3). Suppose 3*c - k = 1. Calculate the remainder when 53 is divided by c.
11
What is the remainder when 22 - 0 - 4/16*4 is divided by 6?
3
Suppose -p = 5*k - 8, 0 = -2*k - 2*p + 3*p + 6. Let w(y) = y - 1. What is the remainder when w(k) is divided by 1?
0
Let m(d) = d**2 + 4*d + 3. Let r be m(-3). Let j be 3 - (1 - 0)*r. What is the remainder when 8 is divided by -6*j/(-24)*4?
2
Suppose 2*p - 6*p + 958 = -2*d, -p - 5*d = -245. Suppose -4*z - z + p = 0. Calculate the remainder when z is divided by (-2 - -4)*(3 - (-57)/6).
23
Suppose 17 = r + 4*p - 2, -5*r - 4*p + 47 = 0. Let j be 0 - 3/((-3)/(-11)). Let t = 24 + j. Calculate the remainder when t is divided by r.
6
Calculate the remainder when 121 is divided by (-8)/(-20) + (-459)/(-15).
28
Let o = 4 - -9. What is the remainder when 24 is divided by o?
11
Suppose -4*i - i = 4*q - 14, 3*i = -5*q - 2. What is the remainder when (-6)/(-9) - (-196)/21 is divided by i?
4
Let w(l) = 3*l - 3. Calculate the remainder when (-47)/(-329) - 488/(-14) is divided by w(7).
17
Let t(p) = p**3 - 11*p**2 + 9*p + 4. Let k be t(10). Calculate the remainder when 93 is divided by (21/k + 3)*-48.
21
Let t(i) = i**3 - 6*i**2 + 3*i - 7. Let c be t(5). What is the remainder when 2/4*(-3 - c) is divided by 4?
3
Let u be (-3 + 2)/((-2)/6). Suppose 0 = -2*r - u + 21. Calculate the remainder when 26 is divided by r.
8
Let n(s) = -s**3 + 5*s**2 - s + 4. Let a be n(3). Suppose 2*j - 4*m = m + 15, 6 = -2*m. Suppose j = p - a - 52. What is the remainder when p is divided by 24?
23
Suppose -3*w = -47 - 151. Calculate the remainder when w is divided by 34.
32
Suppose -2*z - z + 6 = 0. Suppose 2*y - 2*r - 154 = 0, z*y + 2*r = -y + 211. Calculate the remainder when y is divided by 25.
23
Let l be 2/5 - 46/(-10). Suppose -l*v + 10 = -3*v. What is the remainder when 11 is divided by v?
1
Let w(t) = 3*t. Let r be w(1). Suppose 2*l - 12 = -2*o, -5*l + r*l + 4*o = 6. Let d(b) = b**3 - 3*b**2 - 2*b. What is the remainder when d(4) is divided by l?
2
Suppose 12 = -5*l - 13, 3*m - 55 = 5*l. Calculate the remainder when 20 - (1 - -1 - 1) is divided by m.
9
Suppose -2*a + 18 = -3*i, 2*a = -i - 2*a + 8. Let q be (-8)/(-10)*15/(-2). Calculate the remainder when i/q - 130/(-3) is divided by 15.
14
Let g(q) = -3*q**3 + 5 - 7*q - q**3 + 7*q**2 + 6*q + 5*q**3. What is the remainder when 33 is divided by g(-7)?
9
Let z = 123 + -85. What is the remainder when z is divided by 14?
10
Let c(l) = -l**3 - 3*l**2 + 15*l + 7. Suppose 0 = k + b - 0*b - 22, 4*k - 123 = 3*b. Let s = -14 + k. Calculate the remainder when c(-6) is divided by s.
12
Let r(c) = -c**2 - 8*c + 17. What is the remainder when 67 is divided by r(-8)?
16
Let s = 14 - 9. Suppose -3 = -y, -s = 2*c - 2*y - 3. Calculate the remainder when 10 + -2*c/4 is divided by 5.
4
Let q = 13 + -11. Let p = -18 + 20. Calculate the remainder when q is divided by p.
0
Let h(o) = 10*o**2 - o**3 - 8*o - 13*o**2 - 2 + 11*o**2 - 3. What is the remainder when h(6) is divided by 10?
9
Suppose 2*k + 47 = p - k, 0 = -2*p - k + 80. What is the remainder when p is divided by 9?
5
Let h = 4 - 3. Let f be (h + -1 + -1)*3. What is the remainder when -2 + 2 - (1 + f) is divided by 1?
0
Suppose -2*q - 230 = -4*t, 4*t - 93 = 4*q + 127. Let z be (-2)/(-5) - (-13)/5. Suppose -z*o = o - t. Calculate the remainder when o is divided by 8.
7
Let i = 59 - 33. What is the remainder when 102 is divided by i?
24
Suppose 0 = 5*g + q - 145, 3*q = -5*g + 17 + 118. What is the remainder when 85 is divided by g?
25
Suppose -4*p + 2 = -2, 5*y + p = 111. Suppose 0*b = -4*b + 16. Suppose 3*r = b*r - 8. What is the remainder when y is divided by r?
6
Let g(r) = 3*r - 10. Calculate the remainder when 49 + 0 - (-3)/1 is divided by g(8).
10
Suppose -3*t - 3*g + 2 = -5*g, -t = -4*g + 16. Suppose 1 = -c + 10. Suppose l - 1 = c. What is the remainder when l is divided by t?
2
Let z(i) be the second derivative of i**4/12 - i**3/2 - i. Let f be z(6). Let k = f + -11. What is the remainder when 12 is divided by k?
5
Let k(q) = -q + 1. Let f be k(5). Let h(l) = -l**3 - 4*l**2 - 2*l - 1. Calculate the remainder when 13 is divided by h(f).
6
Suppose 47 = -3*z - 2*f + 1, 56 = -3*z - 4*f. Let m be 175/4 - 2/(-8). Let p = z + m. Calculate the remainder when p is divided by 11.
10
Let g be -1 - (-1)/(2/4). Let n be (-3 - (0 + g)) + 2. Let d(x) = -x**3 - x**2 + 2*x + 3. What is the remainder when 5 is divided by d(n)?
2
Let l = -14 - -93. Let x be (-28)/(0 + (-2)/(-3)). Let d = l + x. Calculate the remainder when d is divided by 19.
18
Let d = 3 - -10. What is the remainder when 35 is divided by d?
9
Let s(d) = -3*d + 1. Let v be s(-2). Let u(a) = 2*a**2 - 9*a + 6. Calculate the remainder when u(v) is divided by 11.
8
Let f = -1 - -17. What is the remainder when 31 is divided by f?
15
Let a be 13/1 + -3 + 2. Let r = a - -13. Suppose 30 = 2*f - 3*c, 2*f - 9 = c + 13. Calculate the remainder when r is divided by f.
7
What is the remainder when -8 + 6 + (23 - 1) is divided by 7?
6
Suppose 4*b - 5*x - 50 = 0, -2*b - 3*b + x = -73. Calculate the remainder when 27 is divided by b.
12
Suppose 0 = -352*k + 357*k - 255. Let l(t) = -2*t + 3. Calculate the remainder when k is divided by l(-5).
12
Let v = 7 - -1. Calculate the remainder when 15 is divided by v.
7
Let k = 1 - -21. Suppose -3*i - i = -12. Suppose i*u + u + 4*x - 56 = 0, 2*u - 22 = x. Calculate the remainder when k is divided by u.
10
Let c be ((-18)/(-8))/((-2)/(-16)). What is the remainder when 4 is divided by c/8 + (-24)/(-32)?
1
What is the remainder when (-125)/(-6) - (-7)/42 is divided by 6?
3
Suppose 5*w = -3*j + 3*w + 24, -6 = -2*j + 2*w. Let v = j + 1. Calculate the remainder when 25 is divided by v.
4
Suppose 4*r = -5 + 41. Let h(b) = -2 + 5*b**2 - 3*b**2 + 2*b**2 + 3 + 10*b. Calculate the remainder when h(-4) is divided by r.
7
Suppose 9 = 6*c - 3*c. Suppose -4 = -2*u, -6*d + 3*u = -3*d - 6. Suppose -d*x + 7 = -5*p, c*x + 2*p - 39 = -p. Calculate the remainder when 14 is divided by x.
6
Suppose -17 = -5*o + 68. What is the remainder when o is divided by 4?
1
Let t be 4/24 + 17/6. Suppose 0 = 6*k - k + 3*c - 129, -87 = -t*k + 3*c. Suppose 0 = 3*h - 15 - 6. Calculate the remainder when k is divided by h.
6
Let s be (-2)/6 - (-20)/15. What is the remainder when 7 is divided by (-5 + 10)/(1/s)?
2
Let x(i) = i**3 + i + 4. What is the remainder when x(4) is divided by 37?
35
Suppose 4*k + 16 = t, -80 = -5*t + 3*k - 2*k. Let y = -10 - t. Calculate the remainder when -1*(-2)/((-4)/y) is divided by 7.
6
Let r(w) = w**2 - 5*w + 1. Let o be r(6). Suppose 3*q + 4 = 10. Sup